alculate the highest common divisor of h and v.
13
Suppose -616 = 8*c - 10*c. Calculate the greatest common factor of 28 and c.
28
Suppose 0 = 2*j - 142 - 20. Calculate the greatest common divisor of j and 9.
9
Let v(q) be the third derivative of 7*q**5/30 - q**4/12 - q**3/3 - 3*q**2. Let p be v(2). Calculate the greatest common divisor of 10 and p.
10
Suppose 11*u - 6*u = 170. Calculate the greatest common divisor of 102 and u.
34
Suppose 0 = -2*f - k + 18, -2*k - 2 = -3*k. What is the greatest common divisor of 32 and f?
8
Suppose 5*l - 2 = -12. Let c be l/(-11) + (-1064)/(-77). Calculate the highest common factor of c and 7.
7
Let m(u) = 29*u**3 + u**2 + u - 1. Let g be m(1). Suppose -2*b - g = 4. Let n = 26 + b. What is the highest common factor of 36 and n?
9
Suppose -4 = 4*s - 0*s, 0 = c + 4*s. Suppose -3*n = -2*y - 8, 2 + 2 = 2*y + 3*n. Let b be -10*((-10)/c + y). What is the highest common divisor of 14 and b?
7
Suppose 3*s = -0*s - 9, -b - 5*s + 21 = 0. Let a(m) = 2*m**3 + 10*m**2 + 4*m - 7. Let i be a(-4). What is the highest common divisor of b and i?
9
Suppose o - 41 = -3*l, 23 + 22 = 3*l + 3*o. What is the highest common divisor of l and 26?
13
Let b be (1 - 9)/(-2) + -2. Let v(z) = 160*z**b - 2*z + 2*z. Let j be v(-1). Calculate the greatest common divisor of 20 and j.
20
Suppose -p = -21 + 3. Calculate the highest common divisor of 144 and p.
18
Suppose -4*i = -22 - 286. What is the greatest common divisor of i and 22?
11
Let t(r) = -r - 13. Let x be t(0). Let c = x - -22. Let s be 94/10 - (-8)/(-20). What is the highest common divisor of c and s?
9
Suppose -5*t = 7 - 17. Suppose t*v + 4 = 2*m, -2*v + 3*m - 8 = -v. Let u be -3 + v - (-13 - 2). What is the greatest common factor of 117 and u?
13
Suppose -g - s + 55 = 0, 0 = -3*g + s - 5*s + 164. Calculate the greatest common divisor of g and 84.
28
Let j be 146/6 - (-1)/(-3). Let v = 37 - j. What is the greatest common factor of v and 39?
13
Let d = 4 + 8. Let k = 20 - d. What is the greatest common divisor of k and 40?
8
Let j = -4 + 8. Let a(q) = 4*q**3 - q**2 + 3*q - 2. Let s be (-3)/2*16/(-12). Let n be a(s). What is the greatest common divisor of n and j?
4
Let q be (-2)/(-4) + 71/2. Calculate the highest common divisor of 24 and q.
12
Suppose 3*f + 2*f - 15 = 0. Suppose -o + 2 = i - 2, f*i - 3*o = -18. Let k = i - -13. Calculate the greatest common factor of 8 and k.
4
Suppose 0 = 2*c + c + 48. Let a = 1 + 17. Let t be (c/6)/((-3)/a). What is the greatest common divisor of 8 and t?
8
Let q = 4 - 2. Let u be (6/4)/((-3)/(-4)). Calculate the greatest common divisor of u and q.
2
Let y be (-4 - -1) + 22/(-8)*-4. What is the greatest common factor of y and 56?
8
Suppose 7 = -w - 5*n, -2*w + 2 = -w - 4*n. Let c = w + 3. Let d(s) = -s**2 - 8*s + 1. Let l be d(-7). What is the greatest common divisor of l and c?
1
Suppose 2*w = 5*w + 405. Let j be ((-24)/10 - -2)*w. Let n be 4/(-10) - j/(-10). Calculate the greatest common divisor of 15 and n.
5
Let f = -11 + 6. Let b = f - -6. Calculate the highest common divisor of b and 5.
1
Suppose h + 2*i = -0*h, 0 = -h - 4*i. Suppose -3*l + 54 = -h*l. Calculate the highest common factor of 126 and l.
18
Let p(m) = -m - 1. Let v be p(-2). Let y be -1 - (-43 + (v - 1)). What is the greatest common factor of 6 and y?
6
Suppose 0 = -c - 5*w + 19, 4*w + 5 - 1 = 4*c. Let f be c/14 + 1858/14. What is the greatest common divisor of f and 19?
19
Let k be 1/(-2)*-2*12. Let i be -9 - (-5)/(10/6). Let x be i/(-2) - 1/(-1). What is the highest common divisor of x and k?
4
Suppose 37*o - 35*o = 26. Calculate the highest common divisor of o and 104.
13
Let g(a) = 5*a**2 - a + 1. Let i be g(1). Suppose -i*m - 4*v = -432, -v - 175 = -2*m + 3. Calculate the greatest common divisor of 11 and m.
11
Let y = 245 + -233. Let c(n) = 3*n**2 - n + 2. Let w be c(2). Calculate the highest common divisor of w and y.
12
Suppose -l - l + 22 = 0. Calculate the highest common factor of 99 and l.
11
Suppose -4*y + 6 = -2*y. Suppose 0 = -2*g + 6*g - 3*k - 346, -3*k + 270 = y*g. Calculate the greatest common divisor of 8 and g.
8
Let i(d) = d**3 + 5*d**2 - 14*d + 3. Let z be i(3). Calculate the highest common factor of z and 264.
33
Let b(f) = -3*f - 19. Let r be b(-15). What is the highest common factor of r and 26?
26
Suppose 4*t - 619 = -3*k, 4*t - 118 - 503 = -5*k. Suppose -3*u - t = -4*v + 2*u, 2 = -u. Calculate the highest common divisor of v and 18.
18
Let z be 56/10*(-10)/(-4). What is the highest common factor of z and 70?
14
Let i be (-189)/(-15) - ((-35)/25 + 2). Calculate the highest common divisor of 30 and i.
6
Let g(i) = i**3 - 3*i**2 + 2*i + 1. Let q be g(2). Suppose 2*x - x = q. Calculate the greatest common divisor of x and 3.
1
Let i be 6/((-7)/(-2) + -2). Suppose i*o + 0*o - 12 = 0. Suppose o*s - 24 = 15. Calculate the greatest common divisor of 26 and s.
13
Let x be 4*(10/4 + -2). Suppose -5*s = -c - 3*c - 21, -2*c = 3*s - 17. Suppose -j + 5*j - 2 = -s*y, 6 = 2*y - j. What is the greatest common divisor of x and y?
2
Let g(q) = -q + 9. Let o(h) = -1. Let x(k) = g(k) + 2*o(k). Let c(r) = 2*r + 5. Let l be c(-6). Let f be x(l). Calculate the highest common factor of f and 14.
14
Let k be 10 - 0/(-3 + 1). Suppose 95 = 2*u + 5*z, -3*z + 105 = 3*u - 24. What is the highest common factor of u and k?
10
Let r(k) = k**2. Let x be r(-8). What is the greatest common divisor of 8 and x?
8
Suppose 0*d - 5*d + q = -11, 13 = 3*d + q. Suppose 15 = d*u + 3*p, -u + 4*p + 8 + 12 = 0. Let v = -76 - -78. What is the greatest common divisor of v and u?
2
Let q = -18 - -128. Suppose -10 + q = 5*v. What is the highest common factor of v and 160?
20
Let u be (364/70)/((-1)/(-5)). Calculate the greatest common divisor of u and 182.
26
Suppose 8 = 4*u - 0. Let f be (1/u)/(6/264). What is the highest common factor of f and 176?
22
Let u(w) = -12*w - 2. Let d be u(-2). Suppose 2 = -4*t + d. What is the highest common factor of t and 55?
5
Let x be 0 + (-1)/((-1)/3). Let m = 27 - x. Let k(a) = -2*a**2 - 11*a - 3. Let y be k(-3). Calculate the highest common divisor of m and y.
12
Let p = -2 - -4. Suppose -4*q = -j - 0*j - 2, -j + p*q = -4. Suppose 4*t = 16 + 144. What is the greatest common divisor of t and j?
10
Let h be (1 - 2)/((-4)/(-2836)). Let o be (-1)/4 - h/4. Suppose -5*q + 33 = -o. Calculate the highest common factor of q and 28.
14
Suppose -i = -0*i + 4. Let t(s) = -18*s - 6. Let v be t(i). What is the greatest common divisor of 6 and v?
6
Let x be (819/4)/9*20. What is the highest common divisor of 35 and x?
35
Let o be ((-8)/(-4) - 5)/(3/(-56)). What is the highest common divisor of 42 and o?
14
Let t be 33/2*(-8)/(-3). Let z = 28 + t. What is the highest common factor of 8 and z?
8
Suppose -4*f + 36 = 4*q, f - 4*q + 13 = 2. Suppose -4*p + 12 = s - 0*p, -f*s = -5*p - 110. Suppose -9 = 2*k - 409. What is the highest common factor of k and s?
20
Let t(r) = -r**2 - 9*r + 10. Let p(i) = -i**2 + 4. Let f be p(3). Let o be 38/f - 2/5. Let n be t(o). Calculate the highest common factor of n and 9.
9
Let s(q) = -q**3 + 14*q**2 - 26*q - 14. Let b be s(11). What is the highest common divisor of 9 and b?
9
Suppose 2*o - 66 = -36. Calculate the greatest common divisor of 6 and o.
3
Let s(a) = 3*a - 11. Let t be s(9). Calculate the highest common divisor of t and 48.
16
Let p = 63 + -40. Let u = -10 + p. What is the highest common factor of 26 and u?
13
Suppose 2*x + 2*x - 888 = 0. Suppose -2*c = 4*s - 494, c - s - x = 2*s. Let l = c - 142. What is the greatest common divisor of 19 and l?
19
Suppose 0 = -3*n - n + 44. Suppose c = -z + 5*c + n, -2*c - 17 = -z. Suppose 3*u - 227 = -2*y, y + u - 90 = 24. Calculate the highest common divisor of y and z.
23
Let k be 10 + 1*(4 - 3 - 2). Suppose 80 + 110 = x. Suppose t + t + x = 4*v, 4*v - t = 185. What is the greatest common divisor of v and k?
9
Let w = 33 - 14. Let n = -39 - -96. What is the highest common factor of n and w?
19
Let w be (3/(-2))/3*-4. Let o(c) = -1 - 1 - 2*c + 5*c + c. Let a be o(5). What is the highest common divisor of a and w?
2
Let k be ((-6)/9)/(4/(-6)). Let w be (-1)/((-3)/108) - k. Calculate the highest common divisor of 7 and w.
7
Let j(l) be the third derivative of -l**6/60 - l**5/20 + l**4/12 + l**3/2 - 2*l